 a multiple of 4?
False
Is 3 a factor of 19?
False
Is 13808 a multiple of 44?
False
Does 42 divide 162598?
False
Is 3069 a multiple of 33?
True
Does 16 divide 8708?
False
Does 14 divide 24626?
True
Is 21762 a multiple of 93?
True
Is 4 a factor of 22272?
True
Is 207 a multiple of 9?
True
Is 11 a factor of 1240?
False
Is 12 a factor of 1447?
False
Is 6 a factor of 24372?
True
Is 6850 a multiple of 25?
True
Does 18 divide 2250?
True
Is 20 a factor of 13781?
False
Does 21 divide 18732?
True
Is 7456 a multiple of 8?
True
Is 13 a factor of 2555?
False
Is 19 a factor of 26125?
True
Is 16 a factor of 110?
False
Does 65 divide 975?
True
Is 24 a multiple of 8?
True
Is 3650 a multiple of 77?
False
Is 7560 a multiple of 15?
True
Is 42 a factor of 16380?
True
Does 47 divide 9618?
False
Is 5945 a multiple of 29?
True
Does 10 divide 2060?
True
Is 16 a multiple of 2?
True
Is 7770 a multiple of 105?
True
Is 27318 a multiple of 267?
False
Is 92 even?
True
Is 13553 a multiple of 16?
False
Is 8284 a multiple of 109?
True
Is 2 a factor of 91?
False
Does 6 divide 1704?
True
Is 10 a factor of 19144?
False
Is 48949 a multiple of 31?
True
Is 80 a factor of 3799?
False
Is 50 a factor of 5400?
True
Is 26 a factor of 1014?
True
Is 34 a factor of 680?
True
Is 158 a multiple of 26?
False
Is 4 a factor of 56?
True
Is 115 a factor of 230?
True
Is 6308 a multiple of 38?
True
Does 13 divide 13259?
False
Is 24 a factor of 5540?
False
Is 23257 a multiple of 44?
False
Is 1172 a multiple of 14?
False
Is 514 a multiple of 28?
False
Does 73 divide 11323?
False
Does 14 divide 118617?
False
Is 36879 a multiple of 9?
False
Does 259 divide 38943?
False
Is 2306 a multiple of 102?
False
Does 17 divide 688?
False
Does 45 divide 28711?
False
Is 3144 a multiple of 14?
False
Is 13 a factor of 1976?
True
Is 5076 a multiple of 108?
True
Does 5 divide 600?
True
Does 21 divide 147?
True
Is 317 a factor of 110540?
False
Is 1318 a multiple of 24?
False
Is 21 a factor of 2457?
True
Is 85 a factor of 35190?
True
Is 129 a factor of 7869?
True
Is 615 a multiple of 11?
False
Does 14 divide 868?
True
Is 10323 a multiple of 13?
False
Is 7932 a multiple of 3?
True
Is 40843 a multiple of 10?
False
Is 112 a multiple of 16?
True
Does 37 divide 4803?
False
Does 21 divide 46877?
False
Is 64 a factor of 256?
True
Is 2401 a multiple of 49?
True
Is 913 a multiple of 11?
True
Is 8 a factor of 832?
True
Is 54 a factor of 864?
True
Is 69 a factor of 9973?
False
Is 4845 a multiple of 95?
True
Does 12 divide 2279?
False
Does 125 divide 31125?
True
Does 2 divide 330?
True
Is 230 a multiple of 15?
False
Is 385 a factor of 131537?
False
Is 14518 a multiple of 17?
True
Is 4 a factor of 1777?
False
Is 7 a factor of 4144?
True
Is 1429 a multiple of 9?
False
Does 15 divide 4022?
False
Does 24 divide 34452?
False
Is 6715 a multiple of 218?
False
Is 46 a factor of 17142?
False
Does 6 divide 83?
False
Is 174 a factor of 28640?
False
Is 12500 a multiple of 25?
True
Is 335 a multiple of 5?
True
Is 5001 a multiple of 147?
False
Is 25 a factor of 5575?
True
Is 56 a factor of 784?
True
Is 14 a factor of 18424?
True
Does 16 divide 76?
False
Does 15 divide 454?
False
Does 30 divide 1717?
False
Does 28 divide 66951?
False
Is 9156 a multiple of 20?
False
Is 8162 a multiple of 7?
True
Is 2584 a multiple of 76?
True
Does 3 divide 2238?
True
Is 15 a factor of 32?
False
Does 119 divide 1547?
True
Is 37 a factor of 296?
True
Is 22 a factor of 946?
True
Does 11 divide 605?
True
Is 15 a factor of 11310?
True
Is 122 a factor of 1299?
False
Does 11 divide 29458?
True
Is 10 a factor of 3820?
True
Does 40 divide 431?
False
Is 222 a multiple of 74?
True
Is 58 a factor of 2032?
False
Is 25 a multiple of 8?
False
Is 37 a factor of 13801?
True
Is 90 a factor of 30021?
False
Is 11649 a multiple of 15?
False
Is 11 a factor of 32032?
True
Is 36 a factor of 13896?
True
Is 26 a factor of 4467?
False
Is 9 a factor of 1630?
False
Does 92 divide 1286?
False
Is 28 a factor of 35?
False
Does 17 divide 1089?
False
Is 57 a factor of 43434?
True
Does 14 divide 3458?
True
Is 46 a factor of 5014?
True
Does 31 divide 9853?
False
Does 92 divide 8880?
False
Does 53 divide 470?
False
Is 1287 a multiple of 5?
False
Is 18 a factor of 1908?
True
Is 27 a factor of 270?
True
Is 8742 a multiple of 18?
False
Does 3 divide 4199?
False
Does 62 divide 4976?
False
Is 9 a factor of 963?
True
Does 13 divide 228?
False
Is 95 a multiple of 35?
False
Does 26 divide 858?
True
Is 490 a multiple of 6?
False
Is 23 a factor of 568?
False
Does 81 divide 11756?
False
Is 6582 a multiple of 39?
False
Does 4 divide 56?
True
Is 13 a factor of 2344?
False
Is 26 a factor of 34942?
False
Is 42 a multiple of 7?
True
Is 13509 a multiple of 19?
True
Is 465 a multiple of 15?
True
Is 13038 a multiple of 123?
True
Is 164 a factor of 7216?
True
Is 4318 a multiple of 16?
False
Is 72 a factor of 23457?
False
Is 29 a factor of 5121?
False
Is 722 a multiple of 3?
False
Is 11 a factor of 201?
False
Is 27 a factor of 42345?
False
Is 11 a factor of 4202?
True
Is 5824 a multiple of 91?
True
Is 22 a factor of 29462?
False
Is 1400 a multiple of 3?
False
Is 2212 a multiple of 7?
True
Does 84 divide 2534?
False
Is 31671 a multiple of 23?
True
Does 83 divide 231?
False
Is 378 a multiple of 21?
True
Does 12 divide 1284?
True
Is 1275 a multiple of 17?
True
Is 12750 a multiple of 30?
True
Is 28 a factor of 960?
False
Is 347 a factor of 130472?
True
Is 5092 a multiple of 67?
True
Is 3 a factor of 254?
False
Is 178 a factor of 143112?
True
Is 4941 a multiple of 82?
False
Is 4767 a multiple of 21?
True
Is 111735 a multiple of 28?
False
Does 52 divide 89927?
False
Does 56 divide 148?
False
Does 8 divide 228?
False
Does 114 divide 2394?
True
Is 1122 a multiple of 17?
True
Is 26 a factor of 910?
True
Is 50 a factor of 5451?
False
Is 21 a factor of 5082?
True
Is 779 a multiple of 19?
True
Does 50 divide 350?
True
Does 19 divide 1007?
True
Does 16 divide 87775?
False
Is 12931 a multiple of 23?
False
Does 26 divide 7120?
False
Is 7881 a multiple of 96?
False
Does 9 divide 7461?
True
Does 9 divide 4545?
True
Is 4312 a multiple of 22?
True
Does 17 divide 86?
False
Is 22 a factor of 9845?
False
Is 2268 a multiple of 10?
False
Is 121 a factor of 502?
False
Does 4 divide 300?
True
Is 288 a factor of 79488?
True
Is 107 a factor of 23433?
True
Does 75 divide 5625?
True
Is 2777 a multiple of 22?
False
Is 3 a factor of 5?
False
Is 53 a factor of 20731?
False
Is 17 a factor of 44387?
True
Is 47 a factor of 495?
False
Does 69 divide 3105?
True
Is 32671 a multiple of 7?
False
Does 15 divide 585?
True
Is 13 a factor of 24050?
True
Is 12 a factor of 2244?
True
Is 17 a factor of 106111?
False
Does 90 divide 14760?
True
Is 43605 a multiple of 51?
True
Does 17 divide 35054?
True
Is 1199 a multiple of 19?
False
Is 4 a factor of 495?
False
Is 1248 a multiple of 9?
False
Is 67 a factor of 871?
True
Does 52 divide 5564?
True
Does 21 divide 6118?
False
Does 32 divide 4437?
False
Does 5 divide 595?
True
Is 18 a factor of 648?
True
Does 17 divide 184146?
False
Is 30 a factor of 43?
False
Is 39 a factor of 905?
False
Is 8 a factor of 1128?
True
Does 9 divide 3209?
False
Is 23 a factor of 1182?
False
Is 108 a factor of 11772?
True
Does 7 divide 20720?
True
Does 3 divide 6258?
True
Is 5880 a multiple of 14?
True
Does 10 divide 9440?
True
Is 19 a factor of 95?
True
Does 46 divide 1048?
False
Is 85 a factor of 18398?
False
Is 11 a factor of 596?
False
Does 115 divide 19780?
True
Does 243 divide 44908?
False
Does 10 divide 211?
False
Does 5 divide 183?
False
Is 1449 a multiple of 9?
True
Is 3094 a multiple of 119?
True
Is 41 a factor of 2583?
True
Is 8388 a multiple of 96?
False
Is 15 a factor of 915?
True
Is 40 a factor of 640?
True
Does 27 divide 54?
True
Is 13 a factor of 6417?
False
Does 8 divide 2896?
True
Does 8 divide 8368?
True
Is 51 a factor of 663?
True
Does 199 divide 8859?
False
Is 14 a factor of 385?
False
Is 81 a factor of 18954?
True
Is 9 a factor of 275?
False
Does 43 divide 5289?
True
Is 108 a factor of 14899?
False
Is 18 a factor of 19484?
False
Does 10 divide 20070?
True
Is 169 a factor of 8536?
False
Is 43133 a multiple of 148?
False
Is 4453 a multiple of 42?
False
Does 52 divide 468?
True
Is 262 a multiple of 2?
True
Is 262 a factor of